{"id":108,"date":"2018-11-21T12:03:42","date_gmt":"2018-11-21T11:03:42","guid":{"rendered":"http:\/\/equispirit.de\/?page_id=108"},"modified":"2025-04-19T09:47:27","modified_gmt":"2025-04-19T07:47:27","slug":"ueber-mich","status":"publish","type":"page","link":"http:\/\/equispirit.de\/?page_id=108","title":{"rendered":"\u00dcber mich"},"content":{"rendered":"<p><img loading=\"lazy\" decoding=\"async\" class=\"size-medium wp-image-147 alignleft\" src=\"http:\/\/equispirit.de\/wp-content\/uploads\/2018\/11\/28577542_10215560639710777_3988226017845853221_n-300x169.jpg\" alt=\"\" width=\"300\" height=\"169\" srcset=\"http:\/\/equispirit.de\/wp-content\/uploads\/2018\/11\/28577542_10215560639710777_3988226017845853221_n-300x169.jpg 300w, http:\/\/equispirit.de\/wp-content\/uploads\/2018\/11\/28577542_10215560639710777_3988226017845853221_n-768x433.jpg 768w, http:\/\/equispirit.de\/wp-content\/uploads\/2018\/11\/28577542_10215560639710777_3988226017845853221_n.jpg 960w\" sizes=\"auto, (max-width: 300px) 100vw, 300px\" \/>Mit meiner 2- und 4-beinigen Familie wohne ich seit 20 Jahren im sch\u00f6nen Vogelsberg. Dieser Schritt motivierte auch zur \u00c4nderung meiner beruflichen Ausrichtung. Weg von B\u00fcro und Computer, hin zu Tieren und Natur.<\/p>\n<p>Seit \u00fcber 30 Jahren unterrichte ich Pferd und Reiter und habe mich in dieser Zeit bei den unterschiedlichsten Trainern weitergebildet.<\/p>\n<p>Vor ca. 25 Jahren folgte dann ein Fernstudium zur Tierheilpraktikerin und Hom\u00f6opathin, um meinen Sch\u00fclern zus\u00e4tzlich auch therapeutisch helfen zu k\u00f6nnen. Diese Art des Studiums ist aber meines Erachtens nur eingeschr\u00e4nkt zu empfehlen. Also arbeitete ich mich tiefer in die Thematik ein. Durch diverse Praktikas bei Tier\u00e4rzten, Fortbildungen zB. Akupunktur bei Carola Krokowski, und letztendlich durch unerm\u00fcdliches Durcharbeiten von diverser Fachliteratur.<\/p>\n<p>Und wieder kam ich meine Grenzen. Zum Unterricht und der Therapie fehlte mir noch ein Baustein. Die Hufe, die Pferd und Reiter tragen m\u00fcssen und das oft nicht k\u00f6nnen. Also begann ich 2010 meine Ausbildung zur <a href=\"http:\/\/equispirit.de\/?page_id=5\">Hufpflegerin<\/a>. Eine 5j\u00e4hrige T\u00e4tigkeit bei einem Schmied liessen mich viel \u00fcber das Thema Huf lernen. \u00dcber die M\u00f6glichkeiten und Grenzen in der Barhufbearbeitung; unterschiedliche Varianten von Hufschutz, wie Hufschuhe, Klebebeschl\u00e4ge, alternative Beschlagsmaterialien und das klassische Eisen; Behandlung der unterschiedlichen Pathologien, hier insbesondere auch der Hufrehe, oft mit enger Zusammenarbeit von Tier\u00e4rzten direkt am Pferd. In dieser Zeit begann auch meine <a href=\"http:\/\/equispirit.de\/?page_id=88\">Vortrags- und Seminart\u00e4tigkeit<\/a> zu den unterschiedlichsten Themen rund ums Pferd.<\/p>\n<p>Da die Hufbearbeitung ein Knochenjob ist, entschied ich mich wieder meinen Schwerpunkt mehr auf die tierheilpraktische T\u00e4tigkeit zu legen. Hier lernte ich bei einer Fortbildung Ellen von Dahlen von &#8222;Equinus Sanitas&#8220; kennen. \u00dcberzeugt von ihrem umfassenden Ausbildungskonzept entschied ich mich f\u00fcr die nochmalige Ausbildung zum <a href=\"http:\/\/equispirit.de\/?page_id=15\">Pferdeheilpraktiker<\/a>. Und auch danke ich ihr f\u00fcr das Vertrauen, das ich als Dozent f\u00fcr die Schule t\u00e4tig sein konnte.<\/p>\n<p>Ab 2018\u00a0 erfolgte noch die Fortbildung zu <a href=\"http:\/\/equispirit.de\/?page_id=90\">osteopathischen Techniken <\/a>\u00a0 hinzu, welche nochmal ein entscheidende Baustein f\u00fcr ganzheitliche Behandlung von Pferden darstellt. 2024 schloss ich erfolgreich die Ausbildung zur Dorn-Osteopathie nach Sandra H\u00fcther ab.<\/p>\n<p>Im Laufe meiner therapeutischen Laufbahn kam ich auch mit telepathischer Tierkommunikation in Ber\u00fchrung. Und auch die medizinisch-radi\u00e4sthetische Analyse im Rahmen der Pferdeheilpraktikerausbildung erm\u00f6glichten mir noch ein weiteres unsch\u00e4tzbares Mittel zur Diagnostik und Therapie.<\/p>\n<p>Auch die n\u00e4chsten Jahre geht es weiter mit diversen Fortbildungen um vorhandenes Wissen immer weiter zu reflektieren und zu vertiefen.<\/p>\n","protected":false},"excerpt":{"rendered":"<p>Mit meiner 2- und 4-beinigen Familie wohne ich seit 20 Jahren im sch\u00f6nen Vogelsberg. Dieser Schritt motivierte auch zur \u00c4nderung meiner beruflichen Ausrichtung. Weg von B\u00fcro und Computer, hin zu Tieren und Natur. Seit \u00fcber 30 Jahren unterrichte ich Pferd und Reiter und habe mich in dieser Zeit bei den unterschiedlichsten Trainern weitergebildet. Vor ca.&hellip;<\/p>\n","protected":false},"author":1,"featured_media":0,"parent":9,"menu_order":0,"comment_status":"closed","ping_status":"closed","template":"","meta":{"footnotes":""},"class_list":["post-108","page","type-page","status-publish","hentry"],"_links":{"self":[{"href":"http:\/\/equispirit.de\/index.php?rest_route=\/wp\/v2\/pages\/108","targetHints":{"allow":["GET"]}}],"collection":[{"href":"http:\/\/equispirit.de\/index.php?rest_route=\/wp\/v2\/pages"}],"about":[{"href":"http:\/\/equispirit.de\/index.php?rest_route=\/wp\/v2\/types\/page"}],"author":[{"embeddable":true,"href":"http:\/\/equispirit.de\/index.php?rest_route=\/wp\/v2\/users\/1"}],"replies":[{"embeddable":true,"href":"http:\/\/equispirit.de\/index.php?rest_route=%2Fwp%2Fv2%2Fcomments&post=108"}],"version-history":[{"count":6,"href":"http:\/\/equispirit.de\/index.php?rest_route=\/wp\/v2\/pages\/108\/revisions"}],"predecessor-version":[{"id":233,"href":"http:\/\/equispirit.de\/index.php?rest_route=\/wp\/v2\/pages\/108\/revisions\/233"}],"up":[{"embeddable":true,"href":"http:\/\/equispirit.de\/index.php?rest_route=\/wp\/v2\/pages\/9"}],"wp:attachment":[{"href":"http:\/\/equispirit.de\/index.php?rest_route=%2Fwp%2Fv2%2Fmedia&parent=108"}],"curies":[{"name":"wp","href":"https:\/\/api.w.org\/{rel}","templated":true}]}}